NOAA-Style Climate Reports


Report for 2017 February
                  MONTHLY CLIMATOLOGICAL SUMMARY FOR 2/2017
                                        HEAT  COOL        
     MEAN                               DEG   DEG       WIND SPEED       DOM MEAN  MEAN
DAY  TEMP  HIGH   TIME     LOW   TIME   DAYS  DAYS RAIN AVG  HI  TIME    DIR BAROM HUM
---------------------------------------------------------------------------------------
1    63.0  78.3   3:38pm  51.9  11:59pm    5    3  0.00   4  17   8:18pm   S 29.87   56
2    44.5  51.9  12:00am  41.4  10:22pm   20    0  0.00   5  22   8:08am   N 30.23   59
3    44.0  52.5   3:51pm  38.7   7:08am   21    0  0.00   2  12   3:14pm   N 30.38   56
4    47.9  52.7   3:56pm  44.0   7:47am   17    0  0.00   3  14   5:16pm   S 30.20   62
5    60.2  75.8   3:26pm  49.4  12:34am    7    2  0.00   3  15  10:46pm   S 29.98   82
6    71.4  80.7   2:25pm  65.0   1:39am    0    6  0.00   7  22   9:43am   S 29.76   79
7    67.1  77.7   3:30pm  56.2   9:13pm    2    4  0.00   2  15  12:55am SSW 29.65   52
8    57.7  63.9  10:20am  41.8  11:58pm    7    0  0.00   4  19   4:41pm   N 29.82   48
9    46.6  61.6   3:37pm  32.8   7:30am   18    0  0.00   2  11   4:44am   N 30.29   52
10   61.8  75.4   2:54pm  49.9   6:30am    6    3  0.00   6  24   4:42pm   S 30.04   64
11   73.8  87.4   3:22pm  64.0   1:54am    0    9  0.00   6  21   7:34am   S 29.85   71
12   65.6  73.3  12:00am  56.1  11:59pm    2    2  0.00   6  24   9:08am   N 30.08   60
13   57.4  62.9   1:53pm  47.2  11:58pm    8    0  0.15   2  15   9:17am  NE 30.10   49
14   44.3  47.2  12:00am  41.3   9:05pm   21    0  1.42   4  16   3:54am NNW 29.93   92
15   47.3  59.7   4:05pm  36.8  11:52pm   18    0  0.00   2  13   2:51pm NNW 30.10   65
16   50.4  69.9   3:42pm  31.8   7:34am   15    0  0.00   2  11   3:17pm   S 30.02   61
17   59.4  71.2   2:27pm  50.2   5:48am    7    1  0.00   4  21  11:59am   S 29.79   62
18   66.4  80.4   2:55pm  57.8   6:53am    3    4  0.00   2  15   1:12am SSE 29.71   74
19   66.7  74.2   3:55pm  58.9   5:47am    2    3  0.00   2  16   6:07pm SSE 29.81   88
20   59.7  69.7  12:18am  56.0  11:48pm    6    0  0.80   1  16  12:35am   S 29.87   90
21   60.4  75.5   3:54pm  48.1   7:33am    7    2  0.01   0   4   5:49pm   S 29.89   71
22   63.6  85.1   4:05pm  41.6   7:27am    8    6  0.00   2  16   3:41pm   S 29.79   59
23   72.6  89.3   1:47pm  56.3   6:45am    2    9  0.00   5  22   5:12pm   S 29.51   51
24   56.2  70.4  12:00am  44.2  11:56pm    9    0  0.00   4  16  12:19am  NW 29.78   58
25   43.1  57.2   4:26pm  33.3   7:11am   22    0  0.00   2  17  12:43am   N 30.14   52
26   53.5  63.2   3:53pm  39.7  12:00am   12    0  0.48   3  17   9:36am   S 29.92   67
27   66.4  76.2   4:58pm  57.1  12:51am    2    4  0.18   1  16   3:43pm   S 29.86   86
28   72.9  79.6   2:51pm  67.8   2:30am    0    8  0.00   5  20   9:29pm   S 29.78   80
---------------------------------------------------------------------------------------
TOT  58.7  89.3  2/23/17  31.8  2/16/17  244   68  3.04   3  24  2/12/17   S 29.93   66

HEAT BASE: 65.0
COOL BASE: 65.0