NOAA-Style Climate Reports


Report for 2017 March
                  MONTHLY CLIMATOLOGICAL SUMMARY FOR 3/2017
                                        HEAT  COOL        
     MEAN                               DEG   DEG       WIND SPEED       DOM MEAN  MEAN
DAY  TEMP  HIGH   TIME     LOW   TIME   DAYS  DAYS RAIN AVG  HI  TIME    DIR BAROM HUM
---------------------------------------------------------------------------------------
1    59.7  72.2  12:00am  44.6  11:58pm    6    1  0.00   4  20   8:27am   N 30.07   43
2    50.4  70.3   3:35pm  33.7   5:11am   15    1  0.00   1   8  10:23am ENE 30.38   43
3    55.1  73.7   3:24pm  35.5   6:58am   12    2  0.00   2  14   2:00pm SSE 30.44   43
4    55.0  64.3  11:25am  50.1   5:59am   10    0  0.04   3  19  11:12am   S 30.30   64
5    57.2  63.4  11:55pm  52.3  12:50am    8    0  0.09   3  15  12:36am SSE 30.07   95
6    72.8  83.8   3:33pm  63.4  12:00am    0    8  0.00   7  30   1:00pm   S 29.81   78
7    60.1  72.3  12:00am  46.3  11:08pm    7    2  0.22   4  25   3:50am   N 30.12   47
8    62.0  79.3   3:47pm  41.5   7:18am    7    4  0.00   2  17  10:42am   S 30.20   46
9    69.8  78.8   2:36pm  61.6   5:00am    1    5  0.00   3  19   1:01pm   S 30.03   76
10   64.3  70.1   2:34pm  58.1   9:42am    2    1  0.00   2  16   8:54am   N 30.09   83
11   62.2  76.8  12:09pm  46.3  11:58pm    5    2  0.00   3  18   7:02pm NNE 30.10   73
12   48.3  60.4   6:01pm  41.5   7:24am   16    0  0.00   3  14   1:44am NNE 30.22   76
13   52.6  63.0   3:10pm  43.4  11:58pm   12    0  0.00   3  16  11:24am   N 30.13   68
14   50.0  68.5   4:44pm  35.5   7:26am   15    0  0.00   1   9   9:58pm SSE 30.22   55
15   53.4  67.0   4:50pm  44.1   7:43am   12    0  0.00   2  12   1:38am  NE 30.28   61
16   61.7  73.4   5:53pm  52.7   4:49am    5    2  0.00   4  20   7:01pm   S 30.10   80
17   71.7  79.9   4:02pm  65.2   1:45am    0    7  0.00   6  22   6:14am   S 30.02   75
18   73.5  85.3   4:25pm  64.8   6:45am    0    8  0.00   2  12   1:16am SSW 30.15   74
19   73.9  86.7   4:23pm  64.6   7:53am    0    9  0.00   4  19   5:34pm   S 30.09   73
20   77.1  91.9   4:21pm  66.0   7:19am    0   12  0.00   5  20   7:01pm   S 29.97   61
21   75.5  87.5   3:41pm  63.9   7:46am    0   11  0.00   5  17   4:02pm   S 29.93   58
22   72.7  82.0   4:54pm  64.6   7:44am    0    8  0.00   3  14   3:43pm   S 29.99   73
23   74.1  86.6   4:19pm  64.0   6:19am    0    9  0.00   5  25   3:51pm   S 29.92   60
24   68.7  78.5   5:03pm  57.8  10:28am    1    5  0.31   5  23  12:00am   S 29.78   65
25   61.8  74.0   5:11pm  52.5   7:52am    5    2  0.00   2  17   2:12am   W 29.90   61
26   67.7  84.5   3:27pm  54.2   5:42am    3    6  0.29   3  20   4:01pm SSE 29.77   69
27   64.7  75.5   5:39pm  55.1   9:30am    3    3  0.00   2  16   1:29am   N 29.81   78
28   68.7  80.3   2:53pm  57.8  12:56am    2    6  0.00   3  21  11:06pm ENE 29.76   77
29   69.0  82.3   3:58pm  56.9  11:58pm    2    6  0.54   4  35   2:47am   S 29.66   68
30   63.2  79.5   6:13pm  50.5   7:32am    5    3  0.00   2  16   2:36pm   W 29.74   59
31   70.2  88.2   3:31pm  52.6   7:26am    3    8  0.00   2  15   4:30pm SSE 29.71   56
---------------------------------------------------------------------------------------
TOT  64.1  91.9  3/20/17  33.7   3/2/17  156  129  1.49   3  35  3/29/17   S 30.02   66

HEAT BASE: 65.0
COOL BASE: 65.0