NOAA-Style Climate Reports


Report for 2017 April
                  MONTHLY CLIMATOLOGICAL SUMMARY FOR 4/2017
                                        HEAT  COOL        
     MEAN                               DEG   DEG       WIND SPEED       DOM MEAN  MEAN
DAY  TEMP  HIGH   TIME     LOW   TIME   DAYS  DAYS RAIN AVG  HI  TIME    DIR BAROM HUM
---------------------------------------------------------------------------------------
1    70.1  79.7   2:15pm  57.8   7:38am    1    6  0.00   3  17  12:54pm SSE 29.82   62
2    62.8  72.4  12:00am  59.8  11:41am    3    1  1.06   2  18   2:11pm   N 29.74   86
3    65.3  82.3   6:04pm  51.4   7:34am    4    4  0.00   1  12   3:37am SSW 29.63   71
4    72.6  86.0   4:43pm  60.9  11:59pm    0    8  0.00   4  21  12:25pm   S 29.58   57
5    59.1  71.7   4:16pm  48.9   3:42am    7    1  0.00   4  21  10:13am  NW 29.94   55
6    60.8  79.8   5:36pm  42.3   7:20am    8    4  0.00   0   9   1:07pm   N 30.15   53
7    67.1  82.3   3:46pm  53.7   7:00am    4    6  0.00   2  15   6:57pm   S 30.11   48
8    71.8  83.1   4:27pm  61.3   6:46am    1    7  0.00   6  23   9:41am   S 29.86   62
9    74.1  84.5   5:22pm  66.1   2:54am    0    9  0.00   7  26   2:17am   S 29.76   68
10   70.7  77.6  11:17am  66.2   3:06pm    0    6  0.79   4  22  12:58am   S 29.91   82
11   66.5  77.4   3:19pm  60.1   7:00am    2    3  0.57   2  17   1:02am   N 30.08   73
12   68.4  76.9   5:58pm  62.5  11:57pm    0    4  0.00   0  10  11:41am SSE 30.13   80
13   71.6  81.3   3:02pm  61.1   1:25am    1    7  0.00   2  13  11:41am SSE 30.08   77
14   73.6  83.2   4:45pm  66.8   7:02am    0    9  0.00   3  17  12:48pm   S 30.00   65
15   73.8  83.2   2:33pm  65.5   7:19am    0    9  0.00   3  15   9:10am   S 29.95   71
16   74.1  84.0   3:40pm  66.3   7:06am    0    9  0.00   2  14   8:11am   S 29.94   75
17   67.6  72.8   2:21am  63.6   9:16pm    0    3  0.21   2  13  11:00am   S 29.95   89
18   71.9  85.3   4:57pm  61.3   7:22am    1    8  0.00   1  14   7:58pm SSE 29.97   77
19   73.8  85.0   4:43pm  66.3   5:49am    0    9  0.00   3  19   2:55pm   S 29.95   77
20   76.4  86.1   4:15pm  69.3   4:39am    0   11  0.00   3  18  12:53am   S 29.91   73
21   75.0  86.3   5:18pm  60.8  11:56pm    0   10  0.31   4  19  12:30pm   S 29.76   75
22   56.7  62.0   6:05pm  51.3  11:55pm    8    0  0.00   5  19   9:20am   N 29.99   76
23   59.6  74.8   5:22pm  44.5   7:07am    8    2  0.00   1  15   1:13pm   N 30.06   62
24   64.6  80.1   3:51pm  46.0   7:13am    6    6  0.00   2  18   5:39pm   S 29.80   59
25   74.4  86.2   5:21pm  62.1   7:05am    0   10  0.00   7  21   9:13pm   S 29.44   67
26   63.2  75.2  12:00am  49.0  11:11pm    5    3  0.18   4  21  12:24am  NW 29.52   81
27   62.0  77.3   5:10pm  45.1   4:01am    7    4  0.00   2  16   4:13pm SSE 29.67   68
28   76.3  87.2   2:14pm  65.6   3:58am    0   11  0.00   3  17   4:04am   S 29.52   72
29   74.8  90.6   2:53pm  55.1   9:35pm    2   12  0.32   6  26   8:17am   S 29.53   77
30   56.9  67.2   4:07pm  47.5   6:33am    8    0  0.02   3  26   6:01am   W 29.75   59
---------------------------------------------------------------------------------------
TOT  68.5  90.6  4/29/17  42.3   4/6/17   75  181  3.46   3  26   4/9/17   S 29.85   70

HEAT BASE: 65.0
COOL BASE: 65.0