NOAA-Style Climate Reports


Report for 2017 May
                  MONTHLY CLIMATOLOGICAL SUMMARY FOR 5/2017
                                        HEAT  COOL        
     MEAN                               DEG   DEG       WIND SPEED       DOM MEAN  MEAN
DAY  TEMP  HIGH   TIME     LOW   TIME   DAYS  DAYS RAIN AVG  HI  TIME    DIR BAROM HUM
---------------------------------------------------------------------------------------
1    65.9  86.4   4:09pm  46.2   6:58am    6    7  0.00   1  11   1:27pm SSW 29.89   50
2    75.6  89.5   3:37pm  60.6   6:28am    0   11  0.00   3  17  11:04pm   S 29.85   52
3    69.9  80.4  12:43pm  56.5  11:59pm    1    6  0.00   4  25   4:43pm   S 29.77   68
4    62.8  74.6   5:35pm  52.3   6:56am    4    2  0.00   4  19  10:31am NNW 29.99   57
5    65.0  80.9   5:16pm  47.4   7:05am    5    5  0.00   1  15  11:17am NNW 29.98   53
6    71.0  90.6   5:06pm  50.6   6:48am    4   10  0.00   0   9   9:57am SSW 29.91   53
7    76.7  89.2   4:47pm  62.9   7:14am    0   12  0.00   1  12   3:01pm SSE 29.88   51
8    75.2  86.4   4:00pm  64.5   7:06am    0   10  0.00   2  14   1:46am   S 29.92   62
9    75.8  82.8   3:04pm  68.9   6:38am    0   11  0.00   2  13   2:07am   S 29.91   70
10   75.4  79.9  12:30pm  71.0   4:10am    0   10  0.00   4  16  12:49pm SSE 29.84   78
11   77.8  88.2   4:52pm  69.9  11:59pm    0   13  0.00   2  18  12:47am SSW 29.79   65
12   68.3  76.9   6:54pm  60.0   4:17am    1    4  0.00   2  20  12:00pm  NW 29.83   70
13   70.9  87.5   5:38pm  55.1   5:06am    2    8  0.00   0   8   3:23pm  SE 29.88   65
14   77.9  92.0   4:39pm  64.5   6:23am    0   13  0.00   1  13  11:07am SSE 29.84   60
15   79.8  91.0   4:55pm  69.2   6:29am    0   15  0.00   3  16  10:24am SSE 29.81   59
16   76.8  83.3   1:56pm  69.4   6:27am    0   12  0.00   3  20   7:04pm   S 29.72   69
17   79.3  91.6   4:42pm  68.3   6:38am    0   14  0.12   3  20   1:00am   S 29.65   66
18   82.8  93.1   3:29pm  76.2   6:40am    0   18  0.00   3  23  11:33pm   S 29.67   70
19   80.3  87.5   4:48pm  75.0   5:08am    0   15  0.00   3  23  12:00am   S 29.68   73
20   72.4  81.5  12:00am  64.8   9:08am    0    7  0.05   1  25  12:37am NNW 29.85   74
21   71.6  81.1   3:24pm  62.2   6:32am    0    7  0.03   1  15  10:51am  NE 30.05   57
22   71.2  79.5   3:03pm  62.1   6:43am    0    7  0.12   0   9  11:06pm  SE 29.96   71
23   65.5  75.9   1:02pm  58.0  11:56pm    1    2  0.13   1  14   2:05pm  NW 29.83   82
24   66.9  81.5   5:23pm  52.9   6:50am    3    5  0.00   1  18  12:06pm   W 29.75   59
25   77.3  92.5   3:17pm  61.1   5:37am    1   13  0.00   3  21   4:22pm   S 29.60   52
26   83.8  96.6   3:08pm  74.0   4:17am    0   19  0.00   3  19   4:32am   S 29.66   70
27   85.0  93.2   5:06pm  78.9   4:03am    0   20  0.00   3  19   9:39am   S 29.72   76
28   75.8  84.1  12:00am  71.0   6:38am    0   11  0.09   1  17  12:36am   N 29.84   80
29   76.8  90.6   4:44pm  64.3   6:02am    0   12  0.00   0  11   4:12pm NNE 29.96   62
30   78.4  92.8   3:55pm  60.8   5:40am    0   14  0.00   0  10   4:05pm  SE 29.99   56
31   80.5  94.8   4:03pm  65.8   6:24am    0   15  0.00   0  11   8:15pm   S 29.95   63
---------------------------------------------------------------------------------------
TOT  74.6  96.6  5/26/17  46.2   5/1/17   30  327  0.54   2  25   5/3/17   S 29.84   64

HEAT BASE: 65.0
COOL BASE: 65.0