NOAA-Style Climate Reports


Report for 2017 June
                  MONTHLY CLIMATOLOGICAL SUMMARY FOR 6/2017
                                        HEAT  COOL        
     MEAN                               DEG   DEG       WIND SPEED       DOM MEAN  MEAN
DAY  TEMP  HIGH   TIME     LOW   TIME   DAYS  DAYS RAIN AVG  HI  TIME    DIR BAROM HUM
---------------------------------------------------------------------------------------
1    76.6  82.9   2:27pm  72.6  11:48pm    0   11  0.06   1  13   2:29pm SSE 29.91   77
2    73.1  81.1  11:14am  67.9   5:19pm    0    8  1.65   1  11   4:23pm  SE 29.88   90
3    73.4  83.9   5:32pm  67.8   5:36am    0    8  0.32   0  10   3:16am SSE 29.87   87
4    76.2  89.5   3:23pm  68.5   6:34am    0   11  0.00   0   6   6:29pm WNW 29.76   80
5    74.5  83.6  12:58pm  69.5   4:40am    0   10  0.15   0  10   2:33pm   N 29.71   86
6    81.1  93.3   5:06pm  68.7   6:35am    0   16  0.01   2  15   3:02pm   N 29.79   67
7    80.1  90.2   3:55pm  68.6   5:48am    0   15  0.00   1  10   6:01am   N 29.88   63
8    79.5  90.9   3:24pm  70.7   3:50am    0   15  0.00   0  10  11:31am SSE 29.89   58
9    72.6  81.8   5:57pm  64.8   7:50am    0    8  0.99   2  13   1:23pm SSE 29.83   76
10   79.5  89.7   4:05pm  70.8   6:21am    0   15  0.00   2  15  11:36am SSE 29.80   71
11   82.0  91.2   4:32pm  73.3   6:43am    0   17  0.00   4  16  10:36am   S 29.83   68
12   84.1  93.7   4:00pm  75.8   5:36am    0   19  0.00   3  16  11:18pm   S 29.83   68
13   84.9  94.4   5:05pm  77.5   6:15am    0   20  0.00   3  18   1:37pm   S 29.80   72
14   85.4  94.9   3:56pm  77.3   5:33am    0   20  0.00   4  19   1:55pm   S 29.82   69
15   86.6  95.7   5:42pm  77.2   6:46am    0   22  0.00   2  15   8:48am   S 29.82   66
16   88.0  97.7   4:08pm  78.2   6:38am    0   23  0.00   3  16   5:43pm   S 29.73   66
17   86.2  94.2   2:12pm  78.1   6:44am    0   21  0.00   4  16  10:31am   S 29.63   69
18   85.9  96.2   5:04pm  78.3  11:59pm    0   21  0.00   2  14   2:15am   S 29.69   71
19   80.3  93.0   3:18pm  72.1   6:31am    0   15  0.02   1  12   4:23am   N 29.87   80
20   84.0  96.0   4:53pm  74.7   6:47am    0   19  0.00   0   9   2:31pm  NE 29.92   68
21   82.7  93.5   2:53pm  71.2   6:50am    0   18  0.00   0  12   1:33pm  NE 29.81   61
22   81.5  93.6   7:11pm  73.6   4:48am    0   17  0.00   0   9   4:04am NNW 29.63   74
23   88.3 102.6   4:25pm  76.2   6:39am    0   23  0.00   0  12  11:18pm SSW 29.70   69
24   76.3  84.7   6:07pm  69.3  10:16am    0   11  1.72   0  12   1:59pm   N 30.00   81
25   79.1  89.9   4:22pm  69.7   6:59am    0   14  0.00   1  12  11:24am ENE 30.11   63
26   79.7  89.6   4:29pm  70.8   6:49am    0   15  0.00   0   8   1:36pm SSE 30.04   68
27   81.2  90.5   1:06pm  73.6   6:32am    0   16  0.13   0  13   2:33pm SSE 29.92   74
28   82.5  92.9   4:45pm  72.6   6:27am    0   17  0.00   2  17   7:07pm SSE 29.84   71
29   83.5  93.9   4:55pm  74.2   6:24am    0   18  0.00   3  15  10:17am SSE 29.76   73
30   87.9  97.4   4:28pm  79.4   5:29am    0   22  0.00   3  17   8:33am   S 29.79   68
---------------------------------------------------------------------------------------
TOT  81.2 102.6  6/23/17  64.8   6/9/17    0  486  5.05   1  18  6/14/17   S 29.83   72

HEAT BASE: 65.0
COOL BASE: 65.0