NOAA-Style Climate Reports


Report for 2017 July
                  MONTHLY CLIMATOLOGICAL SUMMARY FOR 7/2017
                                        HEAT  COOL        
     MEAN                               DEG   DEG       WIND SPEED       DOM MEAN  MEAN
DAY  TEMP  HIGH   TIME     LOW   TIME   DAYS  DAYS RAIN AVG  HI  TIME    DIR BAROM HUM
---------------------------------------------------------------------------------------
1    76.2  88.6   6:47pm  70.0   6:54am    0   11  0.78   1  18  12:00am  NE 29.98   83
2    84.8  95.8   5:20pm  74.7   5:27am    0   20  0.00   2  17   5:21pm   S 29.96   74
3    86.0  95.7   5:40pm  78.7   6:58am    0   21  0.02   2  16  11:49am   S 29.90   70
4    82.5  95.2   5:44pm  68.8   4:16am    0   17  0.87   2  35   2:12am   S 29.88   75
5    83.6  99.3   5:14pm  71.7   8:49pm    0   19  0.25   2  16   5:05am   S 29.93   75
6    83.3  97.7   4:49pm  72.8   6:23am    0   18  0.00   0   9   5:06pm   S 30.00   72
7    86.5 101.5   4:29pm  76.7   6:34am    0   22  0.00   0  14   4:42pm   S 29.99   68
8    83.9  98.4   1:41pm  77.6   6:34am    0   19  0.00   0  14   5:21pm SSE 29.95   69
9    80.8  94.6   5:44pm  75.1   6:05am    0   16  0.12   1  16   6:56pm SSE 29.95   78
10   84.3  97.8   4:58pm  72.3   6:33am    0   19  0.00   2  13   2:35pm   S 29.89   72
11   87.6  99.9   4:05pm  76.5   6:40am    0   23  0.00   2  13  12:47pm   S 29.87   64
12   87.8  98.7   4:46pm  78.0   6:52am    0   23  0.00   2  14  12:57am   S 29.92   64
13   88.7 100.4   5:57pm  78.7   6:40am    0   24  0.00   1  16   6:03pm SSW 29.99   62
14   90.3 101.2   4:44pm  79.7   6:48am    0   25  0.00   1  12   2:06pm SSW 29.99   59
15   85.2  96.9   5:46pm  77.4   9:30am    0   20  0.23   0  12   8:04am   E 29.97   70
16   86.5  96.4   2:57pm  76.0   6:44am    0   22  0.00   0  12   4:34pm  NE 29.88   68
17   87.7  98.4   4:07pm  77.2   6:42am    0   23  0.00   0  10   1:05pm ESE 29.87   65
18   88.7  99.2   5:29pm  78.2   6:53am    0   24  0.00   1  12   3:59pm SSE 29.93   63
19   90.2 101.6   4:06pm  80.2   6:47am    0   25  0.00   1  10   4:06pm SSE 30.00   61
20   90.9 104.3   4:43pm  80.6   6:49am    0   26  0.00   2  13   6:08pm SSW 29.97   58
21   91.3 103.9   4:18pm  81.0   6:49am    0   26  0.00   2  13   6:25pm   S 29.89   57
22   91.4 104.5   4:46pm  79.8   6:55am    0   26  0.00   2  13   2:08pm   S 29.82   58
23   89.3 103.9   3:40pm  71.7  11:10pm    0   24  1.43   2  29  10:05pm   S 29.79   63
24   81.9  95.6   4:44pm  71.5   2:19am    0   17  0.26   0   9   7:05pm SSE 29.88   79
25   87.4  99.0   5:13pm  77.5   6:48am    0   22  0.00   1  12  10:52am   S 29.95   68
26   89.1  99.9   5:56pm  79.1   6:53am    0   24  0.00   3  15  12:51pm   S 29.94   62
27   90.3 102.1   4:41pm  79.6   6:58am    0   25  0.00   2  13   1:12am SSW 29.88   57
28   92.1 104.6   5:03pm  82.3   6:58am    0   27  0.00   2  12   4:53am SSW 29.80   54
29   88.6  98.1   5:14pm  79.9   6:56am    0   24  0.00   1  12   5:16pm  NE 29.82   64
30   84.6  94.6   4:34pm  77.3   6:58am    0   20  0.00   1  14   5:17pm  NE 29.94   62
31   83.1  94.4   4:50pm  72.8   7:05am    0   17  0.00   0  11   1:31pm  NE 29.98   57
---------------------------------------------------------------------------------------
TOT  86.6 104.6  7/28/17  68.8   7/4/17    0  669  3.96   1  35   7/4/17   S 29.92   66

HEAT BASE: 65.0
COOL BASE: 65.0