NOAA-Style Climate Reports


Report for 2017 August
                  MONTHLY CLIMATOLOGICAL SUMMARY FOR 8/2017
                                        HEAT  COOL        
     MEAN                               DEG   DEG       WIND SPEED       DOM MEAN  MEAN
DAY  TEMP  HIGH   TIME     LOW   TIME   DAYS  DAYS RAIN AVG  HI  TIME    DIR BAROM HUM
---------------------------------------------------------------------------------------
1    81.7  89.5   1:13pm  73.2  11:58pm    0   17  0.52   0  10   6:31pm  NE 29.95   68
2    77.0  84.8   3:42pm  71.9   5:49am    0   12  0.02   0   8  12:21pm NNE 29.98   83
3    83.3  96.5   4:39pm  71.6   6:01am    0   18  0.00   0   7   4:41pm NNW 29.96   71
4    84.6  97.2   3:40pm  75.5   6:49am    0   20  0.00   0  21   5:06pm   W 29.94   67
5    87.0  98.9   3:55pm  76.1   6:53am    0   22  0.00   2  16  10:08pm   S 29.85   66
6    87.6  99.9   4:43pm  78.8  11:27pm    0   23  0.05   3  17   2:16am   S 29.73   67
7    81.3  92.0   2:49pm  72.4   7:11am    0   16  0.00   1  15  12:59am   N 29.85   77
8    81.3  91.6   4:30pm  74.6   4:22am    0   16  0.00   0  13   3:29pm NNE 29.95   71
9    81.9  93.4   4:20pm  72.4   6:31am    0   17  0.00   0   8   5:22pm  NE 29.96   72
10   87.3 102.7   5:22pm  75.1   6:42am    0   22  0.00   0   9  11:19pm  SW 29.96   67
11   88.3 101.6   5:14pm  78.9   8:30am    0   23  0.00   1  13   6:16pm   N 29.93   63
12   83.8 100.8   3:09pm  76.2  11:32pm    0   19  0.93   1  24   4:35pm ENE 29.87   75
13   81.8  95.0   6:34pm  74.7   1:45am    0   17  0.59   0   7   2:41pm SSW 29.81   85
14   83.7  95.1   5:20pm  73.1   6:21am    0   19  0.34   1  16   5:27am   S 29.74   76
15   86.9  96.6   5:29pm  79.3   7:12am    0   22  0.00   2  13   2:22pm   S 29.75   66
16   88.1  97.0   4:55pm  79.7   7:15am    0   23  0.00   4  18   9:36am   S 29.80   65
17   83.2  94.5   4:31pm  71.6   5:44am    0   18  1.63   2  19   5:25am SSE 29.89   77
18   81.9  92.2   6:07pm  75.5   7:02am    0   17  0.01   0  10   2:04pm SSW 29.92   76
19   87.9 102.6   4:33pm  77.1   3:05am    0   23  0.00   0  10   9:19am SSW 29.88   67
20   89.8  99.9   4:09pm  80.1   7:09am    0   25  0.00   1  11   5:39pm SSE 29.89   59
21   87.8  97.9   4:34pm  78.7   7:12am    0   23  0.00   2  13  10:05pm SSE 29.97   64
22   88.6 101.5   4:24pm  78.3   7:18am    0   24  0.00   1  11   1:41am   S 29.94   62
23   81.7  90.1   5:25pm  72.4   7:40am    0   17  0.06   1  21   2:39am   N 29.91   73
24   79.7  88.7   5:09pm  74.0   6:13am    0   15  0.36   0  12   2:47pm   E 29.86   84
25   79.4  86.6   1:15pm  73.3   6:56am    0   14  0.00   1  13   5:14pm   E 29.90   75
26   76.3  80.9  11:27am  73.2   2:20am    0   11  0.09   1  12   3:19pm  NE 29.95   78
27   78.4  85.8   4:48pm  73.3   3:08am    0   13  0.02   1  12   2:30pm  NE 29.91   79
28   78.5  86.7   6:23pm  72.2   6:54am    0   14  0.00   2  16   5:44pm   N 29.87   80
29   78.4  89.0   4:16pm  68.0   7:25am    0   13  0.00   1  14   1:44pm   N 29.87   73
30   77.7  88.1   4:05pm  67.1   6:49am    0   13  0.00   2  18   2:32pm   N 29.85   69
31   78.9  89.6   4:37pm  68.8   6:55am    0   13  0.00   1  17   2:00pm   N 29.88   66
---------------------------------------------------------------------------------------
TOT  83.0 102.7  8/10/17  67.1  8/30/17    0  558  4.62   1  24  8/12/17   S 29.89   72

HEAT BASE: 65.0
COOL BASE: 65.0