NOAA-Style Climate Reports


Report for 2017 September
                  MONTHLY CLIMATOLOGICAL SUMMARY FOR 9/2017
                                        HEAT  COOL        
     MEAN                               DEG   DEG       WIND SPEED       DOM MEAN  MEAN
DAY  TEMP  HIGH   TIME     LOW   TIME   DAYS  DAYS RAIN AVG  HI  TIME    DIR BAROM HUM
---------------------------------------------------------------------------------------
1    79.1  92.8   4:22pm  66.3   7:22am    0   14  0.00   0   7  11:42am NNW 29.95   66
2    82.2  96.7   5:02pm  70.4   4:16am    0   17  0.00   0   9   1:23pm SSW 29.95   64
3    85.4  98.4   3:55pm  74.8   5:12am    0   20  0.00   0  11  12:59pm SSW 29.97   60
4    85.6  97.5   4:41pm  74.2   7:27am    0   21  0.00   0  11   3:53pm SSW 29.92   59
5    80.4  88.8  12:32pm  70.3  11:57pm    0   15  0.00   2  18   2:20pm   N 29.94   59
6    72.6  83.6   4:32pm  60.7   7:12am    1    8  0.00   1  16   3:05pm   N 30.07   52
7    72.2  88.4   4:45pm  54.7   7:23am    2    9  0.00   0   8   1:47pm SSE 30.08   52
8    73.5  86.3   4:36pm  59.7   7:35am    1    9  0.00   1  13   2:50pm SSE 30.08   57
9    74.7  87.5   4:22pm  61.4   7:26am    0   10  0.00   0  10   3:30pm  NE 30.10   60
10   74.2  87.2   4:37pm  60.5   6:22am    0   10  0.00   1  11   2:18pm  NE 30.10   59
11   73.3  86.1   5:07pm  60.1   7:39am    1    9  0.00   0  13   2:02pm   N 30.02   59
12   70.7  83.0   3:37pm  57.8   4:58am    2    7  0.00   1  14  12:34pm   N 29.84   62
13   74.4  93.8   4:31pm  58.1   7:08am    2   11  0.00   0   6  12:15pm SSW 29.76   58
14   82.4  98.4   4:02pm  69.5   7:11am    0   17  0.00   2  15   9:54pm SSE 29.75   57
15   82.9  94.6   3:37pm  72.8   7:39am    0   18  0.00   2  17   5:05pm SSE 29.80   64
16   83.8  96.4   4:14pm  73.8   7:25am    0   19  0.00   2  14  12:04am   S 29.87   66
17   84.8  97.5   4:39pm  73.7   7:32am    0   20  0.00   1  11   9:12pm SSE 29.92   64
18   83.8  96.3   5:07pm  71.6   7:32am    0   19  0.00   0  11  11:53pm SSE 29.90   61
19   85.0  98.6   3:58pm  74.3   7:17am    0   20  0.11   2  16   2:35pm   S 29.79   69
20   85.7  97.7   3:53pm  75.4  12:16am    0   21  0.01   2  17   3:24pm   S 29.77   68
21   85.4  96.7   4:41pm  77.7   6:59am    0   20  0.00   3  17   8:34pm SSE 29.83   68
22   82.8  94.4   4:16pm  74.3   5:54am    0   18  0.00   2  15   4:17pm SSE 29.86   69
23   83.6  95.7   4:38pm  72.8   7:26am    0   19  0.00   1  13   1:51pm SSE 29.84   64
24   83.0  94.3   4:43pm  74.0   7:15am    0   18  0.00   1  13  12:50pm SSE 29.82   64
25   82.2  93.2   4:53pm  71.4   7:29am    0   17  0.00   1  15   1:50pm SSE 29.80   64
26   82.4  89.5   4:23pm  76.2   7:16am    0   17  0.00   1   8  12:00am   S 29.84   66
27   78.0  88.3  12:36pm  72.3  11:56pm    0   13  0.01   2  18   5:53pm   N 29.92   78
28   71.4  78.0   2:42pm  65.9  11:57pm    0    6  0.05   2  12   1:51am   N 30.00   85
29   68.4  73.9   4:56pm  64.9   6:21am    0    3  0.10   0  10  12:00am   N 30.08   81
30   73.5  86.0   3:08pm  63.5   7:35am    0    8  0.00   0   7   1:41pm   N 30.07   63
---------------------------------------------------------------------------------------
TOT  79.3  98.6  9/19/17  54.7   9/7/17    8  435  0.28   1  18   9/5/17 SSE 29.92   64

HEAT BASE: 65.0
COOL BASE: 65.0