NOAA-Style Climate Reports


Report for 2017 October
                  MONTHLY CLIMATOLOGICAL SUMMARY FOR 10/2017
                                        HEAT  COOL        
     MEAN                               DEG   DEG       WIND SPEED       DOM MEAN  MEAN
DAY  TEMP  HIGH   TIME     LOW   TIME   DAYS  DAYS RAIN AVG  HI  TIME    DIR BAROM HUM
---------------------------------------------------------------------------------------
1    76.4  90.4   4:56pm  66.1   7:47am    0   11  0.00   0   9   4:24pm SSE 29.91   54
2    80.2  91.4   3:47pm  71.2   6:02am    0   15  0.00   3  16  12:11pm SSE 29.86   66
3    78.6  89.2   2:45pm  73.8   8:19pm    0   14  0.43   2  18   8:00pm SSE 30.03   85
4    79.3  87.7   3:57pm  74.6   5:00am    0   14  0.12   1  13  11:19am SSE 30.14   78
5    79.3  91.1   4:53pm  70.1   7:21am    0   14  0.00   0   8  10:09am   S 30.03   67
6    79.1  90.0   3:08pm  69.5   7:40am    0   14  0.00   2  15   4:31pm SSE 29.85   65
7    76.7  88.9   5:02pm  64.3  11:59pm    0   12  0.00   1  13   2:12am   S 29.71   60
8    73.0  92.2   5:03pm  54.7   7:44am    2   10  0.00   0   8  10:58pm   S 29.65   55
9    81.3  95.2   3:15pm  69.7  11:59pm    0   16  0.00   2  18  11:49am   S 29.68   65
10   61.0  69.9   3:54pm  53.7   8:43am    5    1  0.09   3  17  11:26am  NW 30.10   65
11   60.8  78.0   5:14pm  48.7   7:23am    7    2  0.00   0  10  11:25am   N 30.14   68
12   72.2  89.0   3:41pm  57.5   1:49am    2   10  0.00   0  10   3:08pm SSE 30.01   63
13   80.5  92.0   3:54pm  70.1   6:47am    0   16  0.00   2  14   3:43pm   S 29.97   68
14   81.8  92.8   3:21pm  71.3   7:15am    0   17  0.00   2  16  12:07pm   S 29.93   67
15   67.8  80.3  12:00am  55.3  11:54pm    2    4  0.11   4  24   3:08pm   N 30.14   64
16   59.4  75.6   4:31pm  46.1   7:24am    8    2  0.00   1   9   9:09am   N 30.30   58
17   60.8  78.9   4:09pm  44.8   6:10am    7    3  0.00   0  10  11:49am SSE 30.19   57
18   67.8  83.8   4:19pm  54.3   7:57am    3    6  0.00   1  11   9:25am   S 30.07   51
19   70.6  83.4   3:25pm  60.2   7:56am    1    7  0.00   1  12  10:28am   S 30.06   60
20   72.6  82.4   4:38pm  62.2   7:28am    0    8  0.00   3  16   4:59pm SSE 29.95   72
21   77.2  87.2   4:33pm  70.9   5:01am    0   12  0.00   2  17  12:07am   S 29.81   76
22   63.8  79.1  12:00am  49.3  11:58pm    3    2  1.12   2  18  12:01am   N 30.03   72
23   63.4  83.6   3:54pm  47.4   2:51am    7    5  0.00   0  12   7:41pm SSW 30.06   61
24   59.7  70.9   3:19pm  46.7  11:58pm    7    1  0.00   2  23   3:34pm  NW 30.24   47
25   58.8  81.6   4:34pm  40.0   6:22am   10    4  0.00   0  10  12:37pm SSW 30.10   55
26   69.2  84.4   3:44pm  55.1   7:53am    3    7  0.00   2  19   4:38pm   S 29.72   46
27   50.6  64.4   1:02am  40.3  11:59pm   14    0  0.00   5  26   2:24am NNW 30.02   51
28   43.2  59.2   4:49pm  29.5   7:55am   22    0  0.00   1  12  10:42am   N 30.15   52
29   56.8  79.4   3:27pm  37.7  12:00am   11    3  0.00   1  12   8:44am SSW 29.92   41
30   61.3  75.4   2:41pm  51.4   7:24am    6    2  0.00   1  14   4:18pm   N 29.90   45
31   52.1  60.9  12:53pm  45.3   8:06am   12    0  0.03   1  13   1:34am   N 30.08   55
---------------------------------------------------------------------------------------
TOT  68.3  95.2  10/9/17  29.5 10/28/17  132  232  1.90   2  25 10/27/17   S 29.99   61

HEAT BASE: 65.0
COOL BASE: 65.0