NOAA-Style Climate Reports


Report for 2017 November
                  MONTHLY CLIMATOLOGICAL SUMMARY FOR 11/2017
                                        HEAT  COOL        
     MEAN                               DEG   DEG       WIND SPEED       DOM MEAN  MEAN
DAY  TEMP  HIGH   TIME     LOW   TIME   DAYS  DAYS RAIN AVG  HI  TIME    DIR BAROM HUM
---------------------------------------------------------------------------------------
1    62.0  78.9   4:47pm  51.5  12:00am    6    3  0.00   2  13   2:30pm   S 29.77   75
2    75.5  92.7   4:06pm  65.3   6:44am    0   11  0.00   2  17  11:25am   S 29.77   67
3    61.6  72.4  12:00am  54.6   8:24am    4    1  0.00   0   8   1:51pm NNW 29.99   78
4    73.3  87.9   4:12pm  56.5  12:53am    2   10  0.00   2  19   2:49pm   S 29.88   77
5    79.2  92.5   3:34pm  66.3  11:58pm    0   14  0.00   3  18   1:34am SSW 29.79   71
6    62.6  73.3   2:16pm  55.1  11:57pm    4    1  0.00   1  12   6:20pm   N 29.92   74
7    53.1  59.6   3:09pm  48.2  11:54pm   12    0  0.00   1  15   3:17pm   N 30.11   78
8    46.2  48.2  12:00am  44.6   1:55pm   19    0  0.79   2  15   5:59am   N 30.22   90
9    48.3  56.3   3:36pm  41.7  11:58pm   17    0  0.00   0   7  10:31am NNW 30.25   85
10   52.6  66.3   2:48pm  38.3   5:33am   13    0  0.01   0   9   1:20pm SSE 30.21   74
11   61.6  67.9   3:27pm  55.7   7:27am    4    1  0.00   2  13  12:58pm SSE 30.07   67
12   64.4  68.8  11:26am  61.1  11:58pm    1    1  0.00   0  11   2:21pm SSE 30.17   82
13   59.5  67.5   1:46pm  51.0   5:25am    6    0  0.00   0   9  11:22pm  SE 30.25   84
14   68.0  78.2   2:23pm  60.3   1:19am    2    5  0.00   3  18   1:49pm SSE 30.02   77
15   69.4  76.5   1:56pm  63.8  11:58pm    0    4  0.00   2  18   2:57am   S 29.95   80
16   65.5  73.6   1:02pm  58.6   6:39am    2    2  0.00   0   8  12:00am NNE 30.01   80
17   73.9  82.1   2:14pm  65.4  12:00am    0    9  0.00   4  20  12:03pm   S 29.78   79
18   62.2  72.9  12:00am  42.4  11:50pm    5    2  0.00   4  23   1:00pm   N 29.90   66
19   47.1  64.8   2:12pm  34.6   6:46am   18    0  0.00   0   6   3:19pm   N 30.26   64
20   52.6  65.6   1:47pm  39.5   4:15am   12    0  0.00   1  19  12:49pm   S 30.06   53
21   57.9  68.5   2:45pm  50.3   7:02am    7    0  0.00   1  11   9:23am   N 29.93   68
22   45.1  55.5   3:03pm  36.2  11:57pm   20    0  0.00   2  13   5:21am   N 30.28   48
23   49.5  69.2   3:21pm  32.3   5:26am   16    0  0.00   0   6   1:43pm   S 30.11   56
24   61.1  77.3   2:34pm  46.3   7:24am    7    3  0.00   1  15   3:18pm   S 29.84   46
25   60.7  73.5   1:20pm  48.0   7:28am    6    2  0.00   0  11  12:43pm NNE 29.97   56
26   56.7  73.8   3:03pm  41.7   7:40am   10    1  0.00   0   8   2:01pm SSE 30.20   59
27   62.9  75.6   2:49pm  51.9   4:07am    4    2  0.00   3  16   9:24am   S 30.03   58
28   65.2  76.9   2:49pm  54.4   7:21am    3    4  0.00   2  20   1:12pm   S 29.95   63
29   55.2  65.0   3:04pm  45.2  11:59pm   10    0  0.00   0  10  10:09am   W 30.12   67
30   51.7  65.8   2:45pm  39.8   6:27am   13    0  0.00   0  10   9:49am   N 30.18   76
---------------------------------------------------------------------------------------
TOT  60.2  92.7  11/2/17  32.3 11/23/17  220   75  0.80   1  23 11/18/17   S 30.03   70

HEAT BASE: 65.0
COOL BASE: 65.0