NOAA-Style Climate Reports


Report for 2017 December
                  MONTHLY CLIMATOLOGICAL SUMMARY FOR 12/2017
                                        HEAT  COOL        
     MEAN                               DEG   DEG       WIND SPEED       DOM MEAN  MEAN
DAY  TEMP  HIGH   TIME     LOW   TIME   DAYS  DAYS RAIN AVG  HI  TIME    DIR BAROM HUM
---------------------------------------------------------------------------------------
1    57.5  72.6   2:44pm  40.8   7:33am    9    1  0.00   1   9  10:43am SSE 30.11   68
2    65.7  77.7   1:55pm  57.6   5:44am    3    3  0.00   1  11  11:30am   S 30.02   68
3    67.1  77.7   1:21pm  58.3   7:36am    2    4  0.00   2  13  12:03pm   S 29.97   77
4    70.2  81.0   2:36pm  55.6  11:59pm    1    6  0.57   4  23   9:18pm   S 29.82   80
5    48.2  55.6  12:00am  43.4  11:54pm   17    0  0.00   3  18   3:09am   N 30.23   49
6    47.6  55.5   1:52pm  42.8   7:36am   17    0  0.00   0  10  11:54pm   N 30.32   45
7    38.7  47.5  12:00am  31.2  11:58pm   26    0  0.00   4  20   9:29am   N 30.36   50
8    34.6  47.8   2:48pm  20.4   7:43am   30    0  0.00   0   7   2:08pm NNW 30.20   55
9    42.9  58.7   2:55pm  29.6   4:49am   22    0  0.00   1  17  12:37pm NNW 30.23   53
10   47.0  71.0   2:59pm  28.9   7:32am   19    1  0.00   0   9   1:37pm SSW 30.31   54
11   53.4  77.8   2:58pm  34.8   6:00am   14    2  0.00   0  11   2:02pm SSW 30.16   42
12   47.2  55.6   3:01pm  36.9  10:40pm   18    0  0.00   2  17   9:05am   N 30.28   51
13   51.9  74.0   2:50pm  38.8  12:00am   14    1  0.00   1  11   1:29pm   S 29.96   48
14   47.2  59.9   1:31pm  36.4   3:13am   18    0  0.00   2  17  10:37am   N 30.02   54
15   41.7  54.8   2:41pm  31.5   3:54am   23    0  0.00   1  11   1:04pm   N 30.23   61
16   47.4  62.0  12:44pm  40.9   2:09am   18    0  0.65   1  14   2:57pm   S 30.07   65
17   46.9  50.5   3:53pm  43.8  12:00am   18    0  0.00   0  10   2:35pm   S 30.04   92
18   50.3  54.4   3:17pm  47.2   8:48am   15    0  0.00   0   6   8:03pm SSE 30.13   93
19   56.6  59.5   1:10pm  52.9  12:00am    8    0  1.75   0   8  11:19am  NE 29.99   97
20   54.3  59.7   3:33pm  49.0   5:59am   11    0  0.02   0   8  11:38pm  SW 29.92   96
21   61.3  76.0   2:50pm  51.4   7:38am    5    2  0.00   1  13   9:26am   S 29.79   75
22   42.3  61.5  12:00am  35.1   7:46pm   23    0  1.03   2  15   7:51pm  NW 29.97   89
23   40.3  50.9   3:01pm  33.0   7:39am   25    0  0.00   1  16  12:06am  NW 30.19   77
24   39.7  44.3   2:49pm  33.2  10:00pm   25    0  0.00   2  19  12:11pm   N 30.26   77
25   36.6  46.6   2:30pm  29.5   6:23am   28    0  0.00   1  10   9:06am SSE 30.34   60
26   38.9  41.4   3:00am  36.2   2:27pm   26    0  0.01   1  12   4:10pm NNE 30.31   74
27   33.9  39.2  12:00am  30.8   8:07am   31    0  0.00   4  17   4:31am   N 30.51   70
28   37.6  42.4   2:32pm  34.0  12:00am   27    0  0.00   0   6   7:22am ESE 30.41   71
29   42.0  47.4   2:26pm  36.7   1:15am   23    0  0.00   1  11   2:53pm   S 30.27   74
30   40.5  46.4  12:02am  31.8  11:50pm   25    0  0.00   2  17   1:46pm   N 30.20   88
31   27.3  31.9   2:06am  21.7  10:54pm   36    0  0.00   6  20   2:04pm   N 30.45   79
---------------------------------------------------------------------------------------
TOT  47.0  81.0  12/4/17  20.4  12/8/17  577   20  4.03   1  23  12/4/17   N 30.16   69

HEAT BASE: 65.0
COOL BASE: 65.0