NOAA-Style Climate Reports


Report for 2018 January
                  MONTHLY CLIMATOLOGICAL SUMMARY FOR 1/2018
                                        HEAT  COOL        
     MEAN                               DEG   DEG       WIND SPEED       DOM MEAN  MEAN
DAY  TEMP  HIGH   TIME     LOW   TIME   DAYS  DAYS RAIN AVG  HI  TIME    DIR BAROM HUM
---------------------------------------------------------------------------------------
1    21.3  28.3   3:08pm  15.0   7:52am   44    0  0.00   3  14   9:13am   N 30.75   59
2    22.7  25.4   1:33pm  19.0  11:59pm   42    0  0.00   1  10   7:16pm  NE 30.61   56
3    30.7  47.5   3:07pm  17.2   1:43am   34    0  0.00   0  10  11:06am   N 30.40   59
4    35.4  50.2   2:45pm  23.4   3:54am   30    0  0.00   0   6  10:47am  NE 30.35   59
5    44.7  62.7   3:17pm  30.6   4:38am   20    0  0.00   0   9   1:58pm SSW 30.28   51
6    51.2  63.5   2:48pm  39.5   7:40am   14    0  0.00   1  12   4:20pm   S 30.24   63
7    54.6  60.0   3:02pm  50.3   7:32am   10    0  0.23   2  18   9:53am   S 29.94   81
8    48.2  59.5   3:19pm  38.6  11:59pm   17    0  0.00   1  14  11:51am   N 30.10   78
9    44.1  52.5   2:58pm  36.5   1:45am   21    0  0.00   0   9   7:46pm SSE 30.07   90
10   50.2  55.5   4:24pm  44.8  12:00am   15    0  0.00   3  19   1:26pm SSE 29.82   89
11   46.2  58.7  10:21am  28.9  11:57pm   19    0  0.00   4  22   4:42pm NNW 29.85   77
12   31.0  42.7   3:12pm  22.0   7:48am   34    0  0.00   2  18  12:00am NNW 30.30   55
13   34.3  45.6   2:56pm  26.5   3:20am   31    0  0.00   1  14   9:53am   N 30.55   50
14   41.3  54.2   3:24pm  31.6   5:23am   24    0  0.00   1  11  12:29pm   S 30.44   50
15   42.4  60.3   1:08pm  27.0  11:56pm   23    0  0.00   3  26   6:20pm   N 30.34   69
16   22.2  28.5   3:43pm  15.8   9:01am   43    0  0.00   4  19   2:50am   N 30.75   51
17   22.1  35.9   3:44pm  12.2   6:06am   43    0  0.00   0   6   2:31pm   N 30.72   54
18   32.1  48.8   3:06pm  16.1   3:54am   33    0  0.00   1  13   5:16pm   S 30.45   52
19   45.8  56.2   2:09pm  33.5  12:30am   19    0  0.00   3  19   2:31pm   S 30.13   64
20   60.0  70.6   3:17pm  51.9   1:47am    6    1  0.00   3  19  10:21am   S 29.91   80
21   64.7  72.0   3:06pm  54.1  11:57pm    2    2  0.23   2  22  11:05am   S 29.78   80
22   50.0  58.6   3:34pm  40.9  11:02pm   15    0  0.00   2  20   3:50pm   W 29.96   43
23   42.5  59.3   3:58pm  29.2   7:43am   22    0  0.00   0   8   4:36pm NNW 30.24   50
24   43.4  64.8   3:37pm  26.2   7:44am   22    0  0.00   0   6   2:04pm  SW 30.40   54
25   52.4  67.0   1:58pm  37.5   6:46am   13    0  0.00   2  16  11:40pm   S 30.32   41
26   56.7  63.2   4:42pm  50.4   1:53am    8    0  0.01   2  16  12:00am   S 30.13   71
27   57.3  65.6   3:05pm  43.4  11:56pm    8    0  0.09   2  17  10:35am   N 30.17   69
28   48.2  66.6   3:25pm  35.1   7:48am   17    0  0.00   0   9   2:08pm   N 30.29   47
29   43.5  54.7   3:32pm  35.5   7:52am   22    0  0.00   2  17   9:57am   N 30.48   51
30   47.2  62.3   3:29pm  31.3   3:52am   18    0  0.00   2  21   9:01pm   S 30.33   46
31   58.5  74.3   3:51pm  45.2   7:22am    8    2  0.00   4  20  11:32am   S 29.92   52
---------------------------------------------------------------------------------------
TOT  43.4  74.3  1/31/18  12.2  1/17/18  674    4  0.56   2  26  1/15/18   S 30.26   61

HEAT BASE: 65.0
COOL BASE: 65.0