NOAA-Style Climate Reports


Report for 2018 February
                  MONTHLY CLIMATOLOGICAL SUMMARY FOR 2/2018
                                        HEAT  COOL        
     MEAN                               DEG   DEG       WIND SPEED       DOM MEAN  MEAN
DAY  TEMP  HIGH   TIME     LOW   TIME   DAYS  DAYS RAIN AVG  HI  TIME    DIR BAROM HUM
---------------------------------------------------------------------------------------
1    53.9  61.6   2:44pm  41.4  11:58pm   11    0  0.00   4  21   3:20pm   N 30.03   56
2    42.3  54.6   3:56pm  32.4   7:46am   23    0  0.00   1  16  12:30am   N 30.42   41
3    49.2  58.4   3:20pm  40.5   7:18am   16    0  0.00   2  16   2:34pm SSE 30.00   59
4    50.5  65.8   2:31pm  31.9  11:58pm   15    0  0.00   3  23   5:32pm   N 30.02   73
5    33.2  43.8   5:48pm  22.6   7:40am   32    0  0.00   1  14   1:23am   N 30.15   67
6    35.1  42.0  12:15pm  30.5  10:48pm   30    0  0.04   3  14   4:57pm   N 30.15   84
7    35.9  48.6   3:56pm  28.4   8:43am   29    0  0.01   3  21  11:24am   N 30.37   72
8    42.9  61.1   3:08pm  25.8   7:34am   22    0  0.00   0   6   1:28pm SSE 30.37   65
9    57.4  69.8   3:25pm  44.8  12:00am    8    0  0.00   2  18   4:46pm   S 30.01   75
10   38.5  59.2  12:00am  28.7  10:01pm   26    0  0.03   2  15   5:27am   N 29.95   92
11   31.5  41.4   3:16pm  25.4   4:46am   33    0  0.00   3  15  10:17am   N 30.20   70
12   35.6  48.2   4:13pm  26.1   6:38am   29    0  0.00   1   9   1:49am NNE 30.40   73
13   42.8  48.0   3:05pm  38.5   6:20am   22    0  0.00   0  10   2:25am SSE 30.39   80
14   57.8  76.7   3:32pm  44.0  12:00am    9    2  0.00   2  19   4:06pm   S 30.15   86
15   69.7  78.4   3:53pm  63.2  12:00am    0    5  0.00   5  20  11:24am   S 29.93   79
16   54.0  68.3  12:00am  44.6  11:55pm   11    0  0.00   4  22   9:44am   N 30.11   67
17   49.1  62.3   2:58pm  41.1   4:37am   16    0  0.36   0  11   3:26am   N 30.10   80
18   53.2  62.3  11:50pm  44.2   3:34am   12    0  0.00   1  16   6:10pm SSE 30.00   93
19   70.4  75.6   5:33pm  62.3  12:00am    0    6  0.00   5  22   7:38am   S 29.77   81
20   59.5  71.3   1:59am  36.7  11:58pm    8    2  2.31   4  19   2:21am   S 29.88   91
21   34.4  36.7  12:00am  32.0   1:12pm   31    0  1.55   3  20  12:53am   N 30.25   95
22   36.0  39.2  11:35pm  32.9   4:26am   29    0  0.32   1  14   8:41am   N 30.25   97
23   43.8  50.9   4:11pm  38.2  12:48am   21    0  0.55   0   5   9:40am NNE 30.13   96
24   52.4  62.2   4:22pm  45.0  11:57pm   13    0  0.61   1  19   8:07am   S 29.87   90
25   53.9  71.9   3:46pm  37.4   5:57am   12    1  0.00   1  10  10:52am SSE 30.00   73
26   55.0  70.0   2:57pm  42.4   6:51am   11    1  0.00   0   9  10:08am SSE 30.15   75
27   58.9  64.9  11:06pm  51.2   4:04am    6    0  0.05   1  12   6:58am SSE 29.98   91
28   65.5  68.0   9:50am  63.4  10:32pm    0    1  1.09   1  13   4:33am   S 29.76   95
---------------------------------------------------------------------------------------
TOT  48.6  78.4  2/15/18  22.6   2/5/18  475   18  6.92   2  23   2/4/18   N 30.10   78

HEAT BASE: 65.0
COOL BASE: 65.0