NOAA-Style Climate Reports


Report for 2018 March
                  MONTHLY CLIMATOLOGICAL SUMMARY FOR 3/2018
                                        HEAT  COOL        
     MEAN                               DEG   DEG       WIND SPEED       DOM MEAN  MEAN
DAY  TEMP  HIGH   TIME     LOW   TIME   DAYS  DAYS RAIN AVG  HI  TIME    DIR BAROM HUM
---------------------------------------------------------------------------------------
1    55.7  62.6   4:13pm  47.4   9:51pm    9    0  0.02   2  19  12:00am   N 30.03   83
2    57.1  72.5   3:19pm  39.8   7:16am    9    1  0.00   0  10  12:46am SSE 30.24   62
3    63.2  75.5   3:12pm  51.2   5:36am    5    3  0.00   2  13   2:20pm SSE 30.13   59
4    65.4  68.7  11:39pm  61.9   7:23am    1    1  0.03   2  16  11:13pm SSE 29.93   80
5    64.5  69.3   3:20pm  44.9  11:58pm    2    2  0.00   3  19   2:10am   N 29.89   57
6    52.1  66.3   3:24pm  34.8   6:18am   13    0  0.00   3  19   4:41pm   N 30.09   42
7    47.5  60.3   5:02pm  37.7   7:02am   17    0  0.00   1  17  12:09am   N 30.26   44
8    54.0  70.9   3:25pm  37.9   6:33am   12    1  0.00   1  13   1:33pm   S 30.14   46
9    63.3  75.7   2:33pm  51.3   6:52am    5    3  0.00   3  24  10:46am   S 29.83   63
10   70.9  84.4   4:17pm  61.9   6:24am    1    7  0.00   1  11  12:14am   S 29.70   71
11   60.8  68.7  12:00am  49.4  11:57pm    4    0  0.00   5  24   7:26am   N 29.98   53
12   49.9  64.0   5:23pm  38.5   8:00am   15    0  0.00   1  16  12:57am   N 30.28   58
13   50.5  64.2   4:47pm  39.0   8:20am   15    0  0.00   1  15   4:11pm   N 30.27   51
14   53.4  71.3   5:12pm  34.4   7:47am   13    1  0.00   0   8   3:29pm   S 30.22   43
15   63.6  78.4   3:51pm  51.0   7:27am    5    4  0.00   3  22   4:08pm   S 29.89   54
16   71.5  85.8   4:30pm  61.9  11:03pm    0    7  0.00   2  22   4:19am SSW 29.74   49
17   64.4  82.1   3:31pm  51.4   8:04am    4    3  0.15   0  12   6:19pm  NE 29.84   55
18   66.9  80.0   5:55pm  58.0   6:28am    2    4  0.00   0  11   5:48pm SSE 29.74   83
19   62.9  72.0   1:40pm  50.5  11:58pm    4    1  0.00   3  27   2:34pm  NW 29.68   49
20   53.1  65.9   5:02pm  42.6   7:32am   12    0  0.00   2  17   1:12am  NW 29.98   56
21   58.8  77.1   4:49pm  40.5   6:54am    9    3  0.00   0   8  11:57am  SE 30.12   49
22   67.3  81.2   3:29pm  52.8   7:56am    3    5  0.00   3  19  11:25pm   S 30.13   46
23   68.0  75.3   6:00pm  60.5   6:04am    1    4  0.00   4  21   1:35am   S 29.93   73
24   73.6  86.7   4:04pm  63.6  11:16pm    0    9  0.00   2  21  12:40am SSW 29.78   64
25   69.3  75.2   4:13pm  62.0   7:33am    0    5  0.00   1  14   4:27pm SSE 29.80   75
26   75.4  87.5   4:26pm  67.4   6:58am    0   10  0.00   3  23   1:50pm   S 29.79   70
27   65.4  73.1  12:00am  57.9  11:44pm    2    2  1.55   1  15   1:59am   S 29.91   90
28   58.9  65.0   2:43pm  54.8   6:27am    6    0  0.51   0  13  12:24am  NW 29.83   95
29   61.2  72.6   3:43pm  54.5   7:23am    5    1  0.00   1  16   4:53pm   N 29.87   78
30   58.9  74.5   5:22pm  46.3   7:04am    7    2  0.00   0  11  12:18pm   N 30.21   64
31   67.7  79.7   3:10pm  55.9   6:17am    3    5  0.00   2  19  10:52am   S 30.00   64
---------------------------------------------------------------------------------------
TOT  61.8  87.5  3/26/18  34.4  3/14/18  184   84  2.26   2  24   3/9/18   S 29.97   62

HEAT BASE: 65.0
COOL BASE: 65.0