NOAA-Style Climate Reports


Report for 2018 April
                  MONTHLY CLIMATOLOGICAL SUMMARY FOR 4/2018
                                        HEAT  COOL        
     MEAN                               DEG   DEG       WIND SPEED       DOM MEAN  MEAN
DAY  TEMP  HIGH   TIME     LOW   TIME   DAYS  DAYS RAIN AVG  HI  TIME    DIR BAROM HUM
---------------------------------------------------------------------------------------
1    60.4  71.1  12:39pm  42.8  11:48pm    6    1  0.00   2  19   7:14pm   N 29.93   82
2    47.1  59.4   7:36pm  40.2   5:53am   18    0  0.00   0  11  12:00am   N 29.85   88
3    68.6  83.7   1:17pm  50.9  11:59pm    2    5  0.00   5  22   4:31pm   S 29.75   65
4    52.7  66.2   5:15pm  40.4   7:27am   12    0  0.00   1  12  12:00am   N 30.23   44
5    61.5  76.2   5:49pm  48.3  12:00am    6    3  0.00   2  19   1:36pm SSE 29.99   59
6    70.3  86.7   5:08pm  49.6  11:56pm    1    7  0.13   3  24  10:32pm   S 29.73   79
7    39.6  49.6  12:00am  33.3  10:57am   25    0  0.00   5  22  12:07am   N 30.04   78
8    46.2  58.7   4:30pm  34.7   3:16am   19    0  0.00   0   8   3:08pm SSE 29.92   73
9    57.3  71.7   5:39pm  42.6   5:40am    9    1  0.00   1  13   6:08pm   N 30.02   64
10   59.7  75.8   6:03pm  45.3   5:33am    8    2  0.00   0  11  10:51am   N 30.25   54
11   67.8  82.7   4:00pm  51.7   7:10am    4    6  0.00   2  21   6:39pm   S 30.03   47
12   72.3  83.3   5:43pm  61.6   6:20am    1    8  0.00   5  28  10:53am   S 29.72   68
13   75.2  87.9   3:48pm  67.6  11:59pm    0   10  0.33   4  30  12:36am   S 29.54   74
14   54.0  67.6  12:00am  44.3   9:15am   11    0  0.00   5  22   1:52pm  NW 29.91   42
15   49.2  64.6   6:20pm  37.1   7:00am   16    0  0.00   3  22   3:47am  NW 30.13   44
16   62.4  83.5   4:28pm  39.7   7:08am    9    6  0.00   1  18   4:50pm   S 30.08   53
17   72.8  87.2   4:35pm  60.0   7:04am    1    9  0.00   3  21  12:53pm   S 29.78   59
18   69.7  78.3   4:22pm  54.2  11:57pm    1    5  0.00   3  19  12:51am   N 29.93   49
19   59.8  70.9   5:24pm  44.8   6:58am    6    1  0.00   2  16   9:33am   N 30.25   45
20   59.9  71.1   5:04pm  49.6   7:14am    6    1  0.00   1  15   9:39am SSE 30.16   54
21   59.3  64.5   5:43pm  53.4  10:48pm    6    0  0.39   1  15   6:25am SSE 29.95   82
22   57.9  67.2   5:46pm  50.4   7:43am    7    0  0.00   2  17  12:35pm NNW 30.02   72
23   62.3  76.4   6:38pm  51.1   5:44am    5    3  0.00   0  15  10:28am   N 30.00   71
24   69.2  88.1   5:12pm  52.1   5:46am    4    8  0.00   0   7   4:07pm   N 30.00   62
25   58.3  68.6  12:00am  48.5  11:18pm    7    0  0.41   2  21   9:21am   N 30.05   81
26   58.8  75.5   4:53pm  42.6   7:04am    8    2  0.01   0  10   4:57pm   N 29.98   70
27   67.4  82.0   4:27pm  55.7   4:41am    3    6  0.00   0  13   4:54pm NNW 30.01   60
28   68.5  88.7   4:47pm  46.7   7:06am    5    9  0.00   0   8  12:17pm SSW 29.98   53
29   74.2  86.9   4:16pm  57.1   6:21am    1   10  0.00   2  14  11:21am SSE 30.01   54
30   72.6  82.6   4:21pm  61.8   6:58am    0    8  0.00   2  18   4:34pm   S 29.97   65
---------------------------------------------------------------------------------------
TOT  61.8  88.7  4/28/18  33.3   4/7/18  207  112  1.27   2  30  4/13/18   S 29.98   63

HEAT BASE: 65.0
COOL BASE: 65.0