NOAA-Style Climate Reports


Report for 2018 May
                  MONTHLY CLIMATOLOGICAL SUMMARY FOR 5/2018
                                        HEAT  COOL        
     MEAN                               DEG   DEG       WIND SPEED       DOM MEAN  MEAN
DAY  TEMP  HIGH   TIME     LOW   TIME   DAYS  DAYS RAIN AVG  HI  TIME    DIR BAROM HUM
---------------------------------------------------------------------------------------
1    73.9  79.8   5:33pm  68.2   6:21am    0    9  0.00   4  17  12:43pm SSE 29.87   78
2    77.1  86.0   5:09pm  70.9   3:53am    0   12  0.00   4  25   6:48pm   S 29.87   81
3    73.7  79.2   6:28pm  66.1  12:32pm    0    9  0.69   2  20  10:46am SSE 29.88   86
4    68.7  73.3   7:08pm  62.2  10:34pm    0    4  0.65   1  13   6:29am   S 30.03   89
5    70.1  83.8   5:05pm  55.3   7:05am    2    7  0.00   1  13   1:30pm   N 30.07   66
6    73.3  92.5   6:19pm  54.0   6:59am    3   11  0.00   0   9   1:01pm SSW 30.06   59
7    80.0  97.1   4:52pm  63.9   7:04am    0   15  0.00   0  12   2:02pm SSW 30.02   54
8    80.8  91.6   2:57pm  69.5   6:36am    0   16  0.00   2  19   1:59pm   S 29.91   52
9    79.6  90.2   4:26pm  68.4   7:09am    0   15  0.00   2  18   1:21pm   S 29.89   50
10   78.3  88.4   4:37pm  67.6   7:07am    0   13  0.00   3  18   7:47pm   S 29.90   56
11   79.6  89.7   3:54pm  69.5   6:43am    0   15  0.00   4  26   4:42pm   S 29.82   63
12   81.3  91.4   3:29pm  72.7   3:58am    0   16  0.00   4  20  10:33am   S 29.86   64
13   81.6  90.7   4:41pm  72.6   6:51am    0   17  0.00   3  14  12:10pm   S 29.89   68
14   82.3  92.8   4:57pm  73.6   6:53am    0   17  0.00   2  16  12:56pm   S 29.86   68
15   79.3  93.2   4:28pm  72.7  11:59pm    0   14  0.00   1  12   5:47pm   S 29.86   70
16   79.2  92.5   3:25pm  68.1   4:38am    0   14  0.00   1  13   5:09pm   N 29.85   64
17   81.3  97.1   5:47pm  67.4   5:22am    0   16  0.00   0   8   9:54am  NE 29.81   59
18   84.0  99.2   4:47pm  69.9   5:37am    0   19  0.04   1  25   1:30am   S 29.70   61
19   82.8  92.8   3:11pm  73.6   7:24am    0   18  0.00   2  18  11:15am   S 29.76   64
20   75.9  84.7   4:47pm  66.8   9:24am    0   11  0.46   1  14  12:13am SSE 29.92   76
21   78.2  92.9   6:18pm  65.3   5:47am    0   13  0.00   0   7   1:41pm SSW 29.93   72
22   81.4  93.7   5:33pm  70.1   6:39am    0   16  0.00   1  11   4:00pm   S 29.91   69
23   82.9  95.4   3:43pm  70.6   6:44am    0   18  0.00   1  12   4:27pm SSE 29.94   64
24   82.8  93.0   5:29pm  71.9   6:51am    0   18  0.00   1   9   2:50pm   S 29.96   65
25   81.0  91.8  11:58am  69.5   1:25pm    0   16  0.12   0  23  12:32pm   S 29.85   67
26   84.7 100.3   4:08pm  70.0   6:34am    0   20  0.02   0   8   1:31am SSE 29.74   62
27   87.2  99.2   4:02pm  76.4   6:36am    0   22  0.00   0  10   1:21pm   E 29.74   62
28   85.5  97.1   4:52pm  73.1   6:38am    0   21  0.00   0  10   4:15pm  SE 29.76   63
29   86.9  98.7   3:48pm  75.4   6:45am    0   22  0.00   1  13   4:38pm SSE 29.68   60
30   87.8  97.8   5:13pm  78.4   6:54am    0   23  0.00   2  17  11:02am   S 29.65   60
31   86.9  98.3   5:28pm  75.6   6:42am    0   21  0.00   4  18  12:40am   S 29.70   63
---------------------------------------------------------------------------------------
TOT  80.3 100.3  5/26/18  54.0   5/6/18    5  478  1.98   2  25   5/2/18   S 29.86   66

HEAT BASE: 65.0
COOL BASE: 65.0